{"id":300,"date":"2023-05-11T11:46:21","date_gmt":"2023-05-11T09:46:21","guid":{"rendered":"http:\/\/atelier36-archi.fr\/?page_id=300"},"modified":"2025-02-18T12:41:57","modified_gmt":"2025-02-18T11:41:57","slug":"offre-marpa-de-30-logements-a-moliets-et-maa-40","status":"publish","type":"page","link":"https:\/\/atelier36-archi.fr\/?page_id=300","title":{"rendered":"Offre MARPA de 30 logements seniors \u00e0 Moliets et Maa (40)"},"content":{"rendered":"\n<p>Cr\u00e9er une r\u00e9sidence autonomie sous les pins<\/p>\n\n\n\n<div class=\"wp-block-columns alignfull is-layout-flex wp-container-core-columns-is-layout-9d6595d7 wp-block-columns-is-layout-flex\">\n<div class=\"wp-block-column is-layout-flow wp-block-column-is-layout-flow\" style=\"flex-basis:50%\">\n<div class=\"wp-block-cover is-light\" style=\"min-height:600px;aspect-ratio:unset;\"><span aria-hidden=\"true\" class=\"wp-block-cover__background has-background-dim-100 has-background-dim\" style=\"background-color:#f6f6f6\"><\/span><div class=\"wp-block-cover__inner-container is-layout-flow wp-block-cover-is-layout-flow\"><div class=\"wp-block-image\">\n<figure class=\"aligncenter size-large\"><img loading=\"lazy\" decoding=\"async\" width=\"1024\" height=\"724\" src=\"http:\/\/atelier36-archi.fr\/wp-content\/uploads\/2023\/05\/Croquis-canopee-3-1024x724.jpg\" alt=\"\" class=\"wp-image-272\" srcset=\"https:\/\/atelier36-archi.fr\/wp-content\/uploads\/2023\/05\/Croquis-canopee-3-1024x724.jpg 1024w, https:\/\/atelier36-archi.fr\/wp-content\/uploads\/2023\/05\/Croquis-canopee-3-300x212.jpg 300w, https:\/\/atelier36-archi.fr\/wp-content\/uploads\/2023\/05\/Croquis-canopee-3-768x543.jpg 768w, https:\/\/atelier36-archi.fr\/wp-content\/uploads\/2023\/05\/Croquis-canopee-3-1536x1086.jpg 1536w, https:\/\/atelier36-archi.fr\/wp-content\/uploads\/2023\/05\/Croquis-canopee-3-2048x1447.jpg 2048w\" sizes=\"auto, (max-width: 706px) 89vw, (max-width: 767px) 82vw, 740px\" \/><\/figure>\n<\/div>\n\n\n<figure class=\"wp-block-image size-large\"><img loading=\"lazy\" decoding=\"async\" width=\"931\" height=\"1024\" src=\"http:\/\/atelier36-archi.fr\/wp-content\/uploads\/2023\/05\/PLAN-MASSE_2-931x1024.jpg\" alt=\"\" class=\"wp-image-255\" srcset=\"https:\/\/atelier36-archi.fr\/wp-content\/uploads\/2023\/05\/PLAN-MASSE_2-931x1024.jpg 931w, https:\/\/atelier36-archi.fr\/wp-content\/uploads\/2023\/05\/PLAN-MASSE_2-273x300.jpg 273w, https:\/\/atelier36-archi.fr\/wp-content\/uploads\/2023\/05\/PLAN-MASSE_2-768x845.jpg 768w, https:\/\/atelier36-archi.fr\/wp-content\/uploads\/2023\/05\/PLAN-MASSE_2-1397x1536.jpg 1397w, https:\/\/atelier36-archi.fr\/wp-content\/uploads\/2023\/05\/PLAN-MASSE_2-1862x2048.jpg 1862w\" sizes=\"auto, (max-width: 706px) 89vw, (max-width: 767px) 82vw, 740px\" \/><\/figure>\n\n\n\n<figure class=\"wp-block-image size-large\"><img loading=\"lazy\" decoding=\"async\" width=\"737\" height=\"1024\" src=\"http:\/\/atelier36-archi.fr\/wp-content\/uploads\/2023\/05\/PLAN-RDC_2-737x1024.jpg\" alt=\"\" class=\"wp-image-256\" srcset=\"https:\/\/atelier36-archi.fr\/wp-content\/uploads\/2023\/05\/PLAN-RDC_2-737x1024.jpg 737w, https:\/\/atelier36-archi.fr\/wp-content\/uploads\/2023\/05\/PLAN-RDC_2-216x300.jpg 216w, https:\/\/atelier36-archi.fr\/wp-content\/uploads\/2023\/05\/PLAN-RDC_2-768x1066.jpg 768w, https:\/\/atelier36-archi.fr\/wp-content\/uploads\/2023\/05\/PLAN-RDC_2-1106x1536.jpg 1106w, https:\/\/atelier36-archi.fr\/wp-content\/uploads\/2023\/05\/PLAN-RDC_2-1475x2048.jpg 1475w, https:\/\/atelier36-archi.fr\/wp-content\/uploads\/2023\/05\/PLAN-RDC_2-scaled.jpg 1844w\" sizes=\"auto, (max-width: 737px) 100vw, 737px\" \/><\/figure>\n\n\n\n<figure class=\"wp-block-image size-large\"><img loading=\"lazy\" decoding=\"async\" width=\"1024\" height=\"1024\" src=\"http:\/\/atelier36-archi.fr\/wp-content\/uploads\/2023\/05\/PLAN-LOGEMENT-edited-1024x1024.jpg\" alt=\"\" class=\"wp-image-280\" srcset=\"https:\/\/atelier36-archi.fr\/wp-content\/uploads\/2023\/05\/PLAN-LOGEMENT-edited-1024x1024.jpg 1024w, https:\/\/atelier36-archi.fr\/wp-content\/uploads\/2023\/05\/PLAN-LOGEMENT-edited-300x300.jpg 300w, https:\/\/atelier36-archi.fr\/wp-content\/uploads\/2023\/05\/PLAN-LOGEMENT-edited-150x150.jpg 150w, https:\/\/atelier36-archi.fr\/wp-content\/uploads\/2023\/05\/PLAN-LOGEMENT-edited-768x768.jpg 768w, https:\/\/atelier36-archi.fr\/wp-content\/uploads\/2023\/05\/PLAN-LOGEMENT-edited-1536x1536.jpg 1536w, https:\/\/atelier36-archi.fr\/wp-content\/uploads\/2023\/05\/PLAN-LOGEMENT-edited-2048x2048.jpg 2048w, https:\/\/atelier36-archi.fr\/wp-content\/uploads\/2023\/05\/PLAN-LOGEMENT-edited-100x100.jpg 100w\" sizes=\"auto, (max-width: 706px) 89vw, (max-width: 767px) 82vw, 740px\" \/><\/figure>\n<\/div><\/div>\n<\/div>\n\n\n\n<div class=\"wp-block-column is-vertically-aligned-top is-layout-flow wp-block-column-is-layout-flow\" style=\"padding-top:1em;padding-right:1em;padding-bottom:1em;padding-left:1em\">\n<div class=\"wp-block-columns is-layout-flex wp-container-core-columns-is-layout-9d6595d7 wp-block-columns-is-layout-flex\">\n<div class=\"wp-block-column is-layout-flow wp-block-column-is-layout-flow\" style=\"flex-basis:320px\">\n<p class=\"has-small-font-size\" style=\"line-height:1.6\">R\u00e9sidence autonomie pour personnes \u00e2g\u00e9es est une initiative qui vise \u00e0 offrir un environnement naturel agr\u00e9able et s\u00e9curis\u00e9 aux personnes \u00e2g\u00e9es, pour leur offrir une vie autonome et ind\u00e9pendante. <\/p>\n\n\n\n<p class=\"has-small-font-size\" style=\"line-height:1.6\">L\u2019emprise du b\u00e2timent est compacte pour favoriser l\u2019efficacit\u00e9 de l\u2019activit\u00e9, rationaliser les co\u00fbts, limiter l\u2019impact environnemental, pr\u00e9server et d\u00e9velopper des espaces paysagers qualitatifs.<\/p>\n\n\n\n<p class=\"has-small-font-size\" style=\"line-height:1.6\">Notre projet est l\u2019occasion de recr\u00e9er des zones enti\u00e8res de la lande au Sud et \u00e0 l\u2019angle Nord-Ouest du site. Nous mettons en avant le th\u00e8me de la canop\u00e9e architecturale dans la for\u00eat pour faire r\u00e9sonner architecture et paysage et&nbsp;consid\u00e9rons les arbres comme une richesse naturelle et patrimoniale \u00e0 valoriser dans le dessin du projet.<\/p>\n\n\n\n<p class=\"has-small-font-size\" style=\"line-height:1.6\">D\u00e8s l\u2019entr\u00e9e, le visiteur se trouve au c\u0153ur des espaces de vie partag\u00e9s. Le long de la rue int\u00e9rieure, v\u00e9ritable colonne vert\u00e9brale du projet, promenade \u00e9clair\u00e9e naturellement sur la fa\u00e7ade Ouest, s\u2019organisent tous les espaces de vie partag\u00e9s et se connectent les venelles des logements. <\/p>\n\n\n\n<p class=\"has-small-font-size\" style=\"line-height:1.6\">Tous les appartements sont traversants pour une meilleure ventilation gr\u00e2ce aux ouvrants en fa\u00e7ade et aux ouvrants sur les venelles int\u00e9rieures&nbsp;: une ventilation hygi\u00e9nique de confort assur\u00e9e naturellement par des \u00e9mergences qui, faisant \u00e9galement office de chemin\u00e9es solaires, tirent parti des vents, du soleil et du tirage thermique.<\/p>\n\n\n\n<p class=\"has-small-font-size\" style=\"line-height:1.6\">Un \u00ab&nbsp;porche&nbsp;\u00bb ventil\u00e9 et \u00e9clair\u00e9 par une ouverture z\u00e9nithale sert d\u2019entr\u00e9e ext\u00e9rieure. Un banc pour papoter, un pot de fleur, la boite aux lettres, sont autant d\u2019\u00e9l\u00e9ments qui accompagnent le r\u00e9sident et rythment les venelles int\u00e9rieures. <\/p>\n\n\n\n<p class=\"has-small-font-size\" style=\"line-height:1.6\">Les logements sont con\u00e7us de fa\u00e7on \u00e0 permettre \u00e0 chaque r\u00e9sident de retrouver son autonomie.<\/p>\n\n\n\n<p class=\"has-small-font-size\" style=\"line-height:1.6\">L&#8217;entretien est facilit\u00e9 gr\u00e2ce \u00e0 une gaine technique regroupant les passages des fluides, facilement accessible depuis la venelle afind e faciliter l&#8217;entretien et limiter les nuisances pour le r\u00e9sident.<\/p>\n<\/div>\n<\/div>\n<\/div>\n<\/div>\n\n\n","protected":false},"excerpt":{"rendered":"<p>Cr\u00e9er une r\u00e9sidence autonomie sous les pins R\u00e9sidence autonomie pour personnes \u00e2g\u00e9es est une initiative qui vise \u00e0 offrir un environnement naturel agr\u00e9able et s\u00e9curis\u00e9 aux personnes \u00e2g\u00e9es, pour leur offrir une vie autonome et ind\u00e9pendante. L\u2019emprise du b\u00e2timent est compacte pour favoriser l\u2019efficacit\u00e9 de l\u2019activit\u00e9, rationaliser les co\u00fbts, limiter l\u2019impact environnemental, pr\u00e9server et d\u00e9velopper &hellip; <\/p>\n<p class=\"link-more\"><a href=\"https:\/\/atelier36-archi.fr\/?page_id=300\" class=\"more-link\">Continue reading<span class=\"screen-reader-text\"> &#8220;Offre MARPA de 30 logements seniors \u00e0 Moliets et Maa (40)&#8221;<\/span><\/a><\/p>\n","protected":false},"author":1,"featured_media":0,"parent":56,"menu_order":5,"comment_status":"closed","ping_status":"closed","template":"","meta":{"footnotes":""},"class_list":["post-300","page","type-page","status-publish","hentry"],"_links":{"self":[{"href":"https:\/\/atelier36-archi.fr\/index.php?rest_route=\/wp\/v2\/pages\/300","targetHints":{"allow":["GET"]}}],"collection":[{"href":"https:\/\/atelier36-archi.fr\/index.php?rest_route=\/wp\/v2\/pages"}],"about":[{"href":"https:\/\/atelier36-archi.fr\/index.php?rest_route=\/wp\/v2\/types\/page"}],"author":[{"embeddable":true,"href":"https:\/\/atelier36-archi.fr\/index.php?rest_route=\/wp\/v2\/users\/1"}],"replies":[{"embeddable":true,"href":"https:\/\/atelier36-archi.fr\/index.php?rest_route=%2Fwp%2Fv2%2Fcomments&post=300"}],"version-history":[{"count":9,"href":"https:\/\/atelier36-archi.fr\/index.php?rest_route=\/wp\/v2\/pages\/300\/revisions"}],"predecessor-version":[{"id":621,"href":"https:\/\/atelier36-archi.fr\/index.php?rest_route=\/wp\/v2\/pages\/300\/revisions\/621"}],"up":[{"embeddable":true,"href":"https:\/\/atelier36-archi.fr\/index.php?rest_route=\/wp\/v2\/pages\/56"}],"wp:attachment":[{"href":"https:\/\/atelier36-archi.fr\/index.php?rest_route=%2Fwp%2Fv2%2Fmedia&parent=300"}],"curies":[{"name":"wp","href":"https:\/\/api.w.org\/{rel}","templated":true}]}}